 f. Suppose -o*y - 5*p = -173, 5*p - 94 - 5 = -2*y. Is y a composite number?
False
Let y(b) = -b**2 - 16*b + 3. Is y(-14) composite?
False
Suppose 3*k = 6*k - 1080. Suppose 4*j = -t + k, t + 114 + 149 = 3*j. Is j composite?
False
Suppose 4*m = -o - 14, 14 = 5*o - 5*m - 16. Suppose 130 = o*b - 4*s, 0 = -2*s - 2*s - 16. Is b a composite number?
True
Suppose -27 = -5*l - 12. Suppose 5*h = g + g + 216, 0 = -4*g + h - 432. Let o = l - g. Is o composite?
True
Suppose 5*z = 2*z. Let r(s) = z*s - 6 + s**3 + 13 + 4*s - 5*s**2. Is r(6) composite?
False
Suppose 3*i + 5*p = 4073, -2*i - p + 6803 = 3*i. Is i prime?
True
Let z(o) = o**3 + 25*o**2 + 24*o - 61. Is z(-20) a prime number?
True
Suppose 0 = 11*d - 9*d - 406. Is d a composite number?
True
Is 1496/16*(-1 - -3) a composite number?
True
Let q(v) = 2*v**2 - 5*v - 6. Let m be q(7). Suppose -4*b - m = -7*b. Is b composite?
False
Let j = 150 - 276. Let g be 1/4 - j/(-24). Let n(d) = 3*d**2 + 2*d - 6. Is n(g) prime?
True
Let y(j) = 441*j + 1. Is y(4) composite?
True
Suppose 3*p + p = -2*a + 2042, -3*a + 2*p + 3087 = 0. Is a a composite number?
True
Suppose -15 = -5*g - 0*g. Suppose -2*o + 109 = -g*i, -4*o = 4*i - 109 - 139. Is o a composite number?
False
Suppose -1394 = -5*w + 1231. Suppose 4*n + k + 513 = -4*k, 4*n + w = -k. Let t = n - -221. Is t prime?
True
Let h = 6431 - 1074. Is h composite?
True
Let s be (3/6)/(2/(-204)). Let q = -32 - s. Is q a prime number?
True
Is 2/(((-18)/(-2811))/3) composite?
False
Let g(n) = -7*n - 9. Let j(r) = -3*r - 4. Let c(s) = -2*g(s) + 5*j(s). Let h be c(-3). Is (-3)/((0 - h)/31) prime?
False
Let s be ((-31)/2)/(7/(-70)). Is (-4)/8 + s/2 composite?
True
Let j = -5079 - -10118. Is j a composite number?
False
Suppose h + 107 = -4*c, -2*h + 3*c - 250 = -c. Let n = h - -13. Is 1/(2 + 210/n) prime?
True
Is (-24)/32 + (-50973)/(-12) a composite number?
True
Let w(y) = -y**2 - 14*y - 5. Let g(n) = 16*n - 1. Let d be g(1). Let h = d + -25. Is w(h) composite?
True
Let q(k) = 2*k - 7. Let i be q(6). Suppose 33 = 2*n - i. Is n a prime number?
True
Suppose -2*o - f - 3*f - 418 = 0, 4*f + 209 = -o. Let x = 26 - o. Is x a composite number?
True
Let b(d) be the third derivative of d**5/30 - d**4/4 + d**3/6 + 6*d**2. Is b(6) a composite number?
False
Let w = 14 - 23. Let c = -28 - -68. Let p = w + c. Is p prime?
True
Let q(x) = -15*x**2 + 11*x - 6. Let c = -4 - 5. Let j(w) = -7*w**2 + 5*w - 3. Let r(b) = c*j(b) + 4*q(b). Is r(-3) prime?
False
Let o(z) = -3 + 6 + 7*z - 12*z. Is o(-6) a composite number?
True
Suppose 0 = -5*k + 9 + 41. Let b be (-290)/(-14) + k/35. Suppose 2*x = x + b. Is x a prime number?
False
Let g(y) = y**2 - 5*y + 5. Let p be g(5). Suppose 4*r + 51 = -p*b + 208, 0 = -3*b + r + 84. Suppose 4*h - 158 - b = 5*j, -2*h + j + 101 = 0. Is h prime?
True
Let b be 1/((-1)/(-2)) + 2. Suppose 7*u - 201 = b*u. Is u prime?
True
Let x = 186 - 363. Let u = 326 + x. Is u prime?
True
Let m(g) = g**3 - 5*g**2 - 6*g + 4. Let t be m(6). Let a be 0/(2 + t + -3). Suppose a = 2*j - 104 - 254. Is j a prime number?
True
Let g(u) = 15*u**2 - 5*u + 2. Let c be g(6). Let q = c - 225. Is q a composite number?
True
Suppose 381 = -0*u + 3*u. Is u composite?
False
Suppose -2*x + 1198 = 2*s - 456, 0 = x - 3*s - 843. Is x a composite number?
True
Let k = 14 + -16. Is 336/(-1 + 5) + k a composite number?
True
Let z(v) = v - 3. Let j be z(7). Suppose -134 = -j*o + 3*o. Is o prime?
False
Let a(n) = -n**3 + 2*n**2 - 3*n + 2. Let t be a(-3). Let g = -23 + t. Is g a composite number?
True
Suppose -8 = -4*i + 2*i. Suppose i*u - 21 = -5. Suppose -u*j = -j - 777. Is j a prime number?
False
Suppose -5*k + 0*k = 10. Let n be (-1 + (k - -8))*1. Suppose 4*v - 147 = n*p, v + 4*v + p - 220 = 0. Is v a prime number?
True
Let u(q) = 78*q + 4 + 1 - 3. Let k be u(4). Suppose -5*x + 261 = -k. Is x a prime number?
False
Let m(b) = -7*b**2 - b**3 + 4*b - 18*b**2 + 29*b**2. Is m(-3) a composite number?
True
Let j(b) = 527*b**2. Is j(1) a prime number?
False
Let k(a) be the second derivative of a**5/20 + a**4/4 + a**3/2 + 4*a. Let t be k(-2). Let f = 20 - t. Is f prime?
False
Suppose -5*b + 4*b = 3. Let n be b/(-2)*(-930)/(-5). Let q = n + -194. Is q composite?
True
Suppose 0 = g - 3. Let x(k) = -k**g + 5*k**2 - 2 + 5*k + 2*k**2 + 1. Is x(5) a prime number?
False
Suppose 11 = 2*h - 9. Is 4/h - (-408)/5 composite?
True
Let x = -8 + 11. Suppose -2*z + 3*u = 2*u - 444, 0 = x*z + 3*u - 657. Is z a prime number?
False
Suppose 0 = -0*b + 2*b - 520. Let d = b - 55. Suppose -2*u - 23 = -d. Is u a composite number?
True
Let q be ((-1)/3 - 1)*-3. Suppose 3*g + 413 = 5*d, q*d + 27 = -2*g + 353. Is d a prime number?
False
Let l = 7 - 5. Suppose 0 = 4*f + 42 + l. Let w = f - -24. Is w prime?
True
Let d be 3/12 - (-14)/8. Suppose -d*o + 93 = -225. Is o a composite number?
True
Let i be 3/9 + (-7)/3. Is 20 - ((-3 - i) + 2) a composite number?
False
Suppose 3*c - 15 = 3*m, 4*c = 2*m + 10 + 18. Let d = 6 - c. Is -7*(-3)/(d/(-11)) a composite number?
True
Is (42 + -1)*(-6 - -11) a composite number?
True
Suppose -27 = -5*p - 2. Suppose m + 2*n - 4 = 27, 4*n - 161 = -p*m. Is m a prime number?
False
Let x(w) = w**3 + 2*w + 7. Is x(4) a composite number?
False
Is (-2688)/(-3) - (5 + -7) prime?
False
Suppose 16 = 2*b - 2*p, 0*b - 3*b - 5*p = 0. Suppose -5*j + 2*t = -90, -4 = j + b*t - t. Let d = -3 + j. Is d composite?
False
Let l(j) = -j**3 + 10*j**2 - 6*j + 4. Is l(7) a prime number?
True
Let v = -5 - -8. Suppose j = -v + 2. Is j + 0 + 1 - -53 a prime number?
True
Suppose -3*u = 3*p + 6, -2*u + 3*u - 2 = p. Suppose u = 4*v - 3*v. Suppose 0 = 4*g - v*g - 12. Is g prime?
True
Suppose -2*w = -18 + 8. Let x(b) = 2*b + 9. Is x(w) composite?
False
Suppose -s = 3*s - 2732. Is s a composite number?
False
Let b = 2994 - 1217. Is b composite?
False
Let p = 2728 - 1679. Is p composite?
False
Let k be ((-5)/3)/((-3)/(-72)). Let p be (-3)/2*k/15. Is -87*(-2 + p/3) a prime number?
False
Let a(x) = -3*x - 4. Let d be a(10). Let k be d*(-10 + (2 - 0)). Suppose -4*y = -204 - k. Is y composite?
True
Let q be ((-6)/(-10))/(4/(-20)). Let a(y) = -5*y. Is a(q) composite?
True
Suppose -4*k + 1753 + 3283 = 0. Is k composite?
False
Let m = 45 + -7. Let z be (3/2)/((-3)/(-10)). Suppose d + 76 = 5*d + i, 2*d - m = -z*i. Is d a prime number?
True
Let m = -236 + 423. Let o be (-2)/2*(1 + -6). Suppose 0 = -o*s - t + m, -s + 45 = 7*t - 3*t. Is s prime?
True
Let y(w) = 41*w + 5. Let u be y(5). Let p = u + -61. Is p a composite number?
False
Let s(v) = 17*v**2 + 6*v - 3. Is s(2) prime?
False
Suppose -10*r - 2230 = -15*r. Suppose 2*t - 4 = -5*d + 2, -5*t = -4*d + 18. Is r/t*(1 - 2) prime?
True
Suppose 3*s - 3*y = -4*y + 672, -2*s = -5*y - 431. Is s a prime number?
True
Let k(g) = 62*g**2 - 1. Is k(3) a prime number?
True
Let f(x) be the second derivative of x**4/4 - x**3/6 + 3*x**2/2 + 3*x. Is f(-4) composite?
True
Let u = 122 + -196. Let c be -14 + 0 + (-1 - 1). Let j = c - u. Is j a prime number?
False
Let y be (-15 + -3)*-1*-4. Let c = 103 + y. Is c a composite number?
False
Let m = -11 + 15. Suppose t + 57 = m*t. Is t a composite number?
False
Suppose 5*y = r + 4, -r = 3*y - 4*y. Let o be (2/3)/(y/462). Is o/12 - 2/(-6) a composite number?
True
Suppose 3*t - 4*q = -480 - 310, 4*t + 1044 = -4*q. Let x be t*1/(0 + -2). Suppose b - 2*b = -x. Is b composite?
False
Suppose 4*f + 0*f = 132. Is f a prime number?
False
Suppose -6*x = -x - 665. Suppose -236 = -y + k, 2*y - 342 = 3*k + x. Is y a composite number?
False
Suppose 189 = g + 12. Is g prime?
False
Let h(g) = 3*g**2 + 7*g - 9. Is h(-13) prime?
False
Suppose -2*b - 2*q - 76 = 0, -3*b + 4*q - q - 96 = 0. Suppose -5*i + 4*i + 72 = 0. Let j = b + i. Is j prime?
True
Suppose 11 = -5*q + 2*m, 0 = q + q + 4*m - 10. Let a(j) = 61*j**2 + j + 1. Let p be a(q). Suppose -p = 4*h - 281. Is h a composite number?
True
Suppose -3*p + 0*p + 2*i + 381 = 0, -3*p + 381 = 2*i. Is p a prime number?
True
Suppose -w + 2 = -0. Suppose -3*f - w + 8 = 0. Suppose 3*c + 3*n - 225 = 0, 3*n = f*c - 0*n - 170. Is c prime?
True
Suppose -320 = -4*s - 0*s - 4*n, 5*n = -3*s + 240. Let a = -6 + s. Let o = a - 19. Is o composite?
True
Let l = 185 - -54. Is l prime?
True
Let r = -70 + 293. Is r composite?
False
Suppose -2*f - 2*f + 5352 = 5*z, -4*f - z + 